of 4544470394?
0
What is the hundred thousands digit of 41767630?
7
What is the ten millions digit of 38430678?
3
What is the ten millions digit of 1596016955?
9
What is the thousands digit of 4356790908?
0
What is the ten thousands digit of 41546361?
4
What is the ten millions digit of 36588610?
3
What is the hundred thousands digit of 4258161020?
1
What is the thousands digit of 2622410242?
0
What is the thousands digit of 169458621?
8
What is the millions digit of 117831873?
7
What is the hundred millions digit of 346311196?
3
What is the hundred millions digit of 496525133?
4
What is the ten thousands digit of 350953310?
5
What is the thousands digit of 43174710?
4
What is the units digit of 13485879?
9
What is the tens digit of 41287957?
5
What is the ten thousands digit of 702184065?
8
What is the units digit of 79862989?
9
What is the units digit of 1592102810?
0
What is the hundreds digit of 40663677?
6
What is the thousands digit of 390145602?
5
What is the hundred thousands digit of 14215306?
2
What is the tens digit of 3121360?
6
What is the millions digit of 4444691752?
4
What is the hundred millions digit of 2177660432?
1
What is the hundred millions digit of 5048990852?
0
What is the ten millions digit of 61996602?
6
What is the tens digit of 8986483?
8
What is the tens digit of 229034261?
6
What is the ten thousands digit of 13818934?
1
What is the tens digit of 3132227472?
7
What is the units digit of 4489666641?
1
What is the hundred millions digit of 977842713?
9
What is the hundred millions digit of 2267611898?
2
What is the hundreds digit of 68019218?
2
What is the tens digit of 814219369?
6
What is the tens digit of 146907910?
1
What is the hundred thousands digit of 842647571?
6
What is the hundreds digit of 5986904323?
3
What is the ten thousands digit of 620315505?
1
What is the hundred thousands digit of 360617286?
6
What is the hundreds digit of 26649087?
0
What is the thousands digit of 33954379?
4
What is the hundreds digit of 48551063?
0
What is the tens digit of 1166769245?
4
What is the thousands digit of 3277340?
7
What is the thousands digit of 65275196?
5
What is the millions digit of 19026467?
9
What is the thousands digit of 633793270?
3
What is the billions digit of 2763245685?
2
What is the units digit of 18200944?
4
What is the tens digit of 82586313?
1
What is the hundred thousands digit of 1809787885?
7
What is the hundreds digit of 2773559300?
3
What is the tens digit of 60502008?
0
What is the hundred millions digit of 138800173?
1
What is the thousands digit of 3848866102?
6
What is the ten thousands digit of 154444773?
4
What is the hundred thousands digit of 10857767?
8
What is the hundreds digit of 65013051?
0
What is the units digit of 36614733?
3
What is the tens digit of 398304167?
6
What is the ten thousands digit of 10318373?
1
What is the millions digit of 32880283?
2
What is the hundreds digit of 133566144?
1
What is the hundreds digit of 223812863?
8
What is the hundred thousands digit of 3258278196?
2
What is the hundred thousands digit of 361768115?
7
What is the tens digit of 183715563?
6
What is the billions digit of 1025100818?
1
What is the millions digit of 7522286764?
2
What is the hundreds digit of 32974152?
1
What is the millions digit of 43932219?
3
What is the ten thousands digit of 140059348?
5
What is the hundreds digit of 445930377?
3
What is the ten millions digit of 337360286?
3
What is the hundred millions digit of 2138384821?
1
What is the ten millions digit of 1476555395?
7
What is the units digit of 46523720?
0
What is the ten millions digit of 283997707?
8
What is the units digit of 1429658399?
9
What is the ten millions digit of 3648866095?
4
What is the hundreds digit of 28048073?
0
What is the hundred thousands digit of 3861645740?
6
What is the ten thousands digit of 169614014?
1
What is the tens digit of 933857349?
4
What is the thousands digit of 17620742?
0
What is the hundred thousands digit of 786741651?
7
What is the units digit of 1641728673?
3
What is the ten millions digit of 2160249702?
6
What is the millions digit of 33072400?
3
What is the tens digit of 53097361?
6
What is the tens digit of 3420647?
4
What is the ten thousands digit of 280974999?
7
What is the ten millions digit of 1066817047?
6
What is the tens digit of 303297727?
2
What is the hundred millions digit of 879909599?
8
What is the hundreds digit of 802507517?
5
What is the hundreds digit of 172586360?
3
What is the hundred millions digit of 250749187?
2
What is the millions digit of 3162455057?
2
What is the hundred millions digit of 205756764?
2
What is the millions digit of 3693408250?
3
What is the thousands digit of 4814513148?
3
What is the ten thousands digit of 51794557?
9
What is the ten thousands digit of 244614285?
1
What is the millions digit of 64259217?
4
What is the ten millions digit of 361728005?
6
What is the thousands digit of 21649386?
9
What is the thousands digit of 334142008?
2
What is the ten thousands digit of 430620538?
2
What is the hundreds digit of 9796932?
9
What is the thousands digit of 1045329612?
9
What is the tens digit of 49258013?
1
What is the tens digit of 87179048?
4
What is the ten thousands digit of 377474499?
7
What is the hundreds digit of 945909609?
6
What is the hundred thousands digit of 95408445?
4
What is the millions digit of 21898176?
1
What is the ten millions digit of 514554968?
1
What is the thousands digit of 1810534238?
4
What is the units digit of 1745736014?
4
What is the millions digit of 7191544798?
1
What is the ten thousands digit of 172903990?
0
What is the units digit of 21546219?
9
What is the ten thousands digit of 727306148?
0
What is the millions digit of 82181148?
2
What is the hundreds digit of 1125494781?
7
What is the ten millions digit of 1794967889?
9
What is the hundreds digit of 665096138?
1
What is the millions digit of 59163908?
9
What is the ten thousands digit of 88383155?
8
What is the ten millions digit of 773447193?
7
What is the tens digit of 109272851?
5
What is the tens digit of 22077804?
0
What is the hundred millions digit of 426263332?
4
What is the hundred millions digit of 156885378?
1
What is the millions digit of 75269121?
5
What is the thousands digit of 87771595?
1
What is the tens digit of 25638503?
0
What is the hundred millions digit of 637814669?
6
What is the thousands digit of 24032781?
2
What is the millions digit of 43555060?
3
What is the units digit of 1214072288?
8
What is the hundred millions digit of 161192744?
1
What is the thousands digit of 637279985?
9
What is the thousands digit of 1049696042?
6
What is the tens digit of 15057308?
0
What is the units digit of 9443927?
7
What is the millions digit of 1818498044?
8
What is the thousands digit of 249157407?
7
What is the hundred millions digit of 311585043?
3
What is the units digit of 46737294?
4
What is the tens digit of 33121341?
4
What is the ten millions digit of 633979554?
3
What is the hundred millions digit of 1741908962?
7
What is the tens digit of 36691292?
9
What is the tens digit of 39933120?
2
What is the tens digit of 42815714?
1
What is the thousands digit of 55020317?
0
What is the ten thousands digit of 619611640?
1
What is the tens digit of 403642266?
6
What is the ten thousands digit of 90914057?
1
What is the hundreds digit of 164206272?
2
What is the ten thousands digit of 87843303?
4
What is the hundreds digit of 864833741?
7
What is the billions digit of 5192889912?
5
What is the ten thousands digit of 511987801?
8
What is the units digit of 291922579?
9
What is the hundred thousands digit of 37160189?
1
What is the ten thousands digit of 67092795?
9
What is the units digit of 2209822941?
1
What is the ten thousands digit of 36331088?
3
What is the millions digit of 74139776?
4
What is the tens digit of 958829649?
4
What is the hundred millions digit of 1416880218?
4
What is the tens digit of 811654744?
4
What is the ten thousands digit of 619613003?
1
What is the billions digit of 3017987487?
3
What is the ten thousands digit of 928433226?
3
What is the ten millions digit of 206977946?
0
What is the hundreds digit of 165238817?
8
What is the hundreds digit of 15367655?
6
What is the millions digit of 6